actors of 725500?
2, 5, 1451
What are the prime factors of 518674?
2, 13, 19949
What are the prime factors of 16323189?
3, 113, 179, 269
What are the prime factors of 23688318?
2, 3, 149, 26497
List the prime factors of 8845860.
2, 3, 5, 379, 389
What are the prime factors of 215866?
2, 7, 17, 907
What are the prime factors of 235716?
2, 3, 13, 1511
List the prime factors of 505202.
2, 41, 61, 101
What are the prime factors of 8664473?
8664473
What are the prime factors of 39740896?
2, 13, 95531
List the prime factors of 243251.
43, 5657
List the prime factors of 98785.
5, 23, 859
What are the prime factors of 57918?
2, 3, 7, 197
List the prime factors of 34687017.
3, 3854113
List the prime factors of 160184.
2, 20023
List the prime factors of 5757681.
3, 37, 51871
List the prime factors of 95433.
3, 13, 2447
List the prime factors of 1331161.
13, 102397
List the prime factors of 5111379.
3, 7, 13, 79
What are the prime factors of 14299574?
2, 1787, 4001
What are the prime factors of 9148954?
2, 4574477
What are the prime factors of 1565006?
2, 47, 16649
List the prime factors of 10929728.
2, 170777
What are the prime factors of 3154719?
3, 53, 19841
List the prime factors of 15156176.
2, 7, 131, 1033
List the prime factors of 27444.
2, 3, 2287
List the prime factors of 7389952.
2, 28867
What are the prime factors of 792867?
3, 264289
What are the prime factors of 6846542?
2, 3423271
List the prime factors of 5333236.
2, 71, 89, 211
List the prime factors of 5498471.
11, 313, 1597
What are the prime factors of 2766242?
2, 1383121
What are the prime factors of 892356?
2, 3, 74363
What are the prime factors of 293620?
2, 5, 53, 277
List the prime factors of 573531.
3, 7, 31, 881
What are the prime factors of 435074?
2, 43, 5059
List the prime factors of 31790.
2, 5, 11, 17
What are the prime factors of 2202662?
2, 7, 11, 14303
What are the prime factors of 9262940?
2, 5, 197, 2351
List the prime factors of 11798012.
2, 19, 29, 53, 101
List the prime factors of 545258.
2, 7, 17, 29, 79
List the prime factors of 4879419.
3, 103, 15791
List the prime factors of 537655.
5, 293, 367
What are the prime factors of 3850909?
3850909
List the prime factors of 1410417.
3, 67, 2339
What are the prime factors of 2552759?
11, 239, 971
List the prime factors of 127370.
2, 5, 47, 271
What are the prime factors of 44279?
44279
List the prime factors of 2726485.
5, 139, 3923
List the prime factors of 832525.
5, 33301
What are the prime factors of 1354252?
2, 338563
What are the prime factors of 302216?
2, 37, 1021
What are the prime factors of 22980411?
3, 1583, 1613
List the prime factors of 497888.
2, 15559
What are the prime factors of 2797280?
2, 5, 17483
What are the prime factors of 4421125?
5, 113, 313
List the prime factors of 838486.
2, 11, 38113
What are the prime factors of 10919750?
2, 5, 31, 1409
What are the prime factors of 6572603?
367, 17909
What are the prime factors of 729949?
11, 66359
What are the prime factors of 5333747?
5333747
What are the prime factors of 513690?
2, 3, 5, 17123
What are the prime factors of 1997354?
2, 157, 6361
What are the prime factors of 13007339?
13007339
List the prime factors of 724061.
13, 55697
List the prime factors of 254197.
254197
What are the prime factors of 10647552?
2, 3, 1733
What are the prime factors of 1009967?
7, 223, 647
What are the prime factors of 2624978?
2, 43, 131, 233
List the prime factors of 302562.
2, 3, 13, 431
What are the prime factors of 4520394?
2, 3, 97, 863
List the prime factors of 137518.
2, 29, 2371
List the prime factors of 423915.
3, 5, 59, 479
List the prime factors of 3537246.
2, 3, 29, 701
What are the prime factors of 1247865?
3, 5, 23, 3617
What are the prime factors of 7600617?
3, 844513
List the prime factors of 1660938.
2, 3, 276823
List the prime factors of 94183.
19, 4957
List the prime factors of 473264.
2, 11, 2689
List the prime factors of 289192.
2, 37, 977
List the prime factors of 7329414.
2, 3, 17, 181, 397
List the prime factors of 864828.
2, 3, 24023
What are the prime factors of 200321?
11, 18211
What are the prime factors of 290264?
2, 13, 2791
List the prime factors of 3214410.
2, 3, 5, 109, 983
What are the prime factors of 3788433?
3, 11, 17, 2251
What are the prime factors of 3452955?
3, 5, 11, 17, 1231
List the prime factors of 836024.
2, 7, 14929
List the prime factors of 11624586.
2, 3, 37, 52363
What are the prime factors of 1235150?
2, 5, 7, 3529
List the prime factors of 1839376.
2, 7, 11, 1493
What are the prime factors of 313579?
7, 44797
What are the prime factors of 3039889?
17, 178817
What are the prime factors of 79928?
2, 97, 103
List the prime factors of 11471924.
2, 37, 77513
What are the prime factors of 140932?
2, 11, 3203
List the prime factors of 393581.
393581
What are the prime factors of 1908043?
1908043
What are the prime factors of 4037535?
3, 5, 23, 47, 83
List the prime factors of 3684872.
2, 460609
What are the prime factors of 917566?
2, 13, 35291
What are the prime factors of 7175?
5, 7, 41
What are the prime factors of 11799824?
2, 127, 5807
List the prime factors of 525524.
2, 131381
What are the prime factors of 1287639?
3, 173, 827
List the prime factors of 1256813.
1256813
List the prime factors of 6160036.
2, 1540009
What are the prime factors of 3279591?
3, 7, 52057
What are the prime factors of 818322?
2, 3, 29, 4703
List the prime factors of 7482707.
1613, 4639
List the prime factors of 7768579.
7, 13, 85369
List the prime factors of 13511325.
3, 5, 47, 3833
List the prime factors of 123585.
3, 5, 7, 11, 107
What are the prime factors of 791418?
2, 3, 17, 7759
What are the prime factors of 21494634?
2, 3, 7, 113, 647
What are the prime factors of 14212191?
3, 7, 676771
What are the prime factors of 654900?
2, 3, 5, 37, 59
List the prime factors of 900940.
2, 5, 107, 421
List the prime factors of 355593.
3, 7, 41, 59
List the prime factors of 73481.
197, 373
What are the prime factors of 1264093?
353, 3581
List the prime factors of 491852.
2, 122963
List the prime factors of 3173485.
5, 7, 12953
What are the prime factors of 408494?
2, 29, 7043
What are the prime factors of 207445?
5, 7, 5927
List the prime factors of 599541.
3, 23, 8689
What are the prime factors of 108709?
108709
What are the prime factors of 2844386?
2, 1422193
List the prime factors of 3184864.
2, 99527
What are the prime factors of 781279?
83, 9413
What are the prime factors of 1153011?
3, 29, 457
What are the prime factors of 36611?
31, 1181
List the prime factors of 4393174.
2, 17, 157, 823
What are the prime factors of 93212?
2, 7, 3329
What are the prime factors of 25504403?
17, 19, 281
List the prime factors of 209713.
7, 29959
List the prime factors of 5713782.
2, 3, 952297
What are the prime factors of 400755?
3, 5, 26717
List the prime factors of 16007.
16007
What are the prime factors of 12604002?
2, 3, 89, 23603
List the prime factors of 694175.
5, 27767
What are the prime factors of 633856?
2, 619
What are the prime factors of 5214814?
2, 11, 293, 809
List the prime factors of 9607120.
2, 5, 29, 41, 101
List the prime factors of 1861714.
2, 79, 11783
What are the prime factors of 2135931?
3, 7, 17, 31, 193
What are the prime factors of 37991950?
2, 5, 109, 6971
What are the prime factors of 1420975?
5, 113, 503
What are the prime factors of 919727?
43, 73, 293
List the prime factors of 878864.
2, 7, 19, 59
What are the prime factors of 10902978?
2, 3, 201907
What are the prime factors of 33689?
59, 571
What are the prime factors of 13720191?
3, 127, 36011
What are the prime factors of 1104026?
2, 7, 11, 67, 107
What are the prime factors of 1743888?
2, 3, 47, 773
List the prime factors of 178618.
2, 11, 23, 353
List the prime factors of 1634114.
2, 19, 43003
What are the prime factors of 15495947?
29, 47, 11369
List the prime factors of 801417.
3, 267139
List the prime factors of 299076.
2, 3, 24923
What are the prime factors of 462444?
2, 3, 89, 433
What are the prime factors of 557948?
2, 139487
List the prime factors of 882459.
3, 71, 1381
List the prime factors of 378153.
3, 42017
List the prime factors of 634251.
3, 53, 3989
What are the prime factors of 9087882?
2, 3, 1514647
List the prime factors of 469846.
2, 13, 17, 10